-1 + 51?
50
In base 15, what is -323 - 0?
-323
In base 14, what is -d6 + 4?
-d2
In base 11, what is 882 + 5?
887
In base 16, what is -20 - -a?
-16
In base 5, what is -2313 - 10?
-2323
In base 5, what is 2 - 1301?
-1244
In base 13, what is -2 - -1346?
1344
In base 8, what is -7 + 463?
454
In base 12, what is 37 + 9?
44
In base 5, what is 221 - 4?
212
In base 14, what is a + -6d?
-63
In base 16, what is 1 - 3?
-2
In base 6, what is -5 - -204?
155
In base 4, what is 0 + -10031?
-10031
In base 4, what is -3 - 31212?
-31221
In base 3, what is -1 - 1201222?
-1202000
In base 5, what is -22233 - 3?
-22241
In base 13, what is -116 + -10?
-126
In base 14, what is -38 - 18?
-52
In base 2, what is -10 + 1000000100?
1000000010
In base 3, what is 12102 - -100?
12202
In base 8, what is -215 + 26?
-167
In base 5, what is -144 + -10?
-204
In base 5, what is -12410 + -4?
-12414
In base 6, what is -45215 + 3?
-45212
In base 2, what is -10001001010 + 10?
-10001001000
In base 3, what is -20 + -11100?
-11120
In base 5, what is 200 + -2?
143
In base 10, what is 13 + 247?
260
In base 4, what is 11 + -10330?
-10313
In base 14, what is 18d + 4?
193
In base 9, what is 546 - 3?
543
In base 12, what is -5 - -12?
9
In base 12, what is -5 + -11?
-16
In base 2, what is 111 + -110110001?
-110101010
In base 9, what is -12742 - -3?
-12738
In base 3, what is 2122 + -10?
2112
In base 6, what is -1021 - 5?
-1030
In base 7, what is -1126 - -1?
-1125
In base 9, what is 1 + -111?
-110
In base 9, what is -1516 - 2?
-1518
In base 10, what is 3594 - 0?
3594
In base 16, what is -e - -261?
253
In base 9, what is 2 - 167?
-165
In base 16, what is -4a8 + -1?
-4a9
In base 10, what is 54 - 3?
51
In base 7, what is 4 - -13654?
13661
In base 16, what is -1 - 11?
-12
In base 5, what is -11 - 23?
-34
In base 13, what is -c32 + -2?
-c34
In base 4, what is -20301 + 11?
-20230
In base 16, what is 1ce + 0?
1ce
In base 13, what is 1 - -c9?
ca
In base 16, what is 4 - -1b5?
1b9
In base 6, what is -235 - -1?
-234
In base 2, what is -101 - 100011?
-101000
In base 16, what is 7e9 + 0?
7e9
In base 7, what is -5 - -12?
4
In base 10, what is -2147 + 4?
-2143
In base 13, what is 179 + 5?
181
In base 7, what is -2 + 5210?
5205
In base 6, what is 3 + 30440?
30443
In base 4, what is -1 - 113?
-120
In base 3, what is 102212 - 11?
102201
In base 11, what is 1413 + -3?
1410
In base 8, what is 4536 - -1?
4537
In base 8, what is 37 - 271?
-232
In base 9, what is -1 - -1538?
1537
In base 5, what is 12210 + 2?
12212
In base 2, what is 11001 + -1?
11000
In base 8, what is -1026 - 1?
-1027
In base 3, what is 1221 - -21102?
100100
In base 3, what is 1221 + 210?
2201
In base 2, what is -10011 - 0?
-10011
In base 2, what is -100 - -110?
10
In base 12, what is 38 - -45?
81
In base 13, what is 220 - 5?
218
In base 12, what is -1 + 3?
2
In base 7, what is -3425 - 1?
-3426
In base 16, what is -2 - -b6?
b4
In base 10, what is 459 + 4?
463
In base 12, what is 4 + b6?
ba
In base 3, what is 102200 + -11?
102112
In base 5, what is 4303 - 2?
4301
In base 7, what is 5054 - -3?
5060
In base 11, what is 8694 - 2?
8692
In base 13, what is 0 - 148?
-148
In base 2, what is -100110 + 11111?
-111
In base 2, what is 101 - -1100100?
1101001
In base 4, what is 13 + 10223?
10302
In base 12, what is ba8 + 0?
ba8
In base 6, what is -44 - -1023?
535
In base 12, what is -29 - 17?
-44
In base 7, what is -2 + 5?
3
In base 13, what is -6 + -3c?
-45
In base 10, what is -4 - 1681?
-1685
In base 8, what is -10 - -10?
0
In base 11, what is 31 + -4?
28
In base 15, what is 1c + -21?
-4
In base 5, what is 2 - -242?
244
In base 5, what is -10 + 134?
124
In base 9, what is -3 + -6211?
-6214
In base 3, what is 20022 + 2?
20101
In base 7, what is 353 - 2?
351
In base 14, what is 0 - -196?
196
In base 4, what is -3332 - 1?
-3333
In base 9, what is 122 - -111?
233
In base 13, what is 3 + a44?
a47
In base 6, what is -2320 + 1?
-2315
In base 9, what is 11203 + 2?
11205
In base 9, what is -4 - 55?
-60
In base 14, what is -37 + 48?
11
In base 8, what is 104 - 214?
-110
In base 6, what is 405 - -2?
411
In base 8, what is -1 + 147?
146
In base 7, what is -1241 + 3?
-1235
In base 14, what is 1 + 2d?
30
In base 15, what is e84 + 0?
e84
In base 11, what is -5 + -1264?
-1269
In base 14, what is 1 + c2?
c3
In base 9, what is -463 + -4?
-467
In base 11, what is -45 + -172?
-207
In base 3, what is 10 - -101021?
101101
In base 8, what is 67 + 12?
101
In base 16, what is -37 + -8?
-3f
In base 5, what is 212 + 1?
213
In base 16, what is 3d - 33?
a
In base 14, what is 88 - -35?
bd
In base 11, what is 321 + 5?
326
In base 7, what is -5 - 54?
-62
In base 3, what is -2111 + -2?
-2120
In base 2, what is -100 + -111011?
-111111
In base 16, what is 3e4 - 5?
3df
In base 5, what is -3011 + -2?
-3013
In base 3, what is -2000 + -21?
-2021
In base 7, what is 122626 + 2?
122631
In base 7, what is -3 + 1415?
1412
In base 11, what is 3 + -113?
-110
In base 9, what is 6605 + 1?
6606
In base 11, what is 564 + -7?
558
In base 12, what is 6 + 1b?
25
In base 13, what is 41 - -14?
55
In base 12, what is -311 + 3?
-30a
In base 11, what is 1522 + 3?
1525
In base 16, what is 4230 + -2?
422e
In base 15, what is -42 - 3?
-45
In base 2, what is 10000000 - 10?
1111110
In base 5, what is 3 - 344?
-341
In base 4, what is -3221221 + -3?
-3221230
In base 14, what is -16 + -3d6?
-40c
In base 7, what is 423 - 4?
416
In base 11, what is 5 - -11a?
124
In base 12, what is 21 + 11?
32
In base 5, what is -101 - -1130?
1024
In base 12, what is -ba20 + 1?
-ba1b
In base 15, what is 1 + 8?
9
In base 9, what is -75 + -15?
-101
In base 9, what is -130 - -16?
-113
In base 3, what is -111 - 120?
-1001
In base 13, what is -16 - -3b?
25
In base 11, what is -11 - -2?
-a
In base 9, what is -5 - -88?
83
In base 5, what is -2 + 31010?
31003
In base 2, what is 1 - 11010110?
-11010101
In base 14, what is -cb - 1?
-cc
In base 14, what is -b + 2?
-9
In base 12, what is -7 - -3?
-4
In base 9, what is -3 + 1888?
1885
In base 10, what is 8 - 41?
-33
In base 4, what is -1232 + -112?
-2010
In base 10, what is -1385 + 5?
-1380
In base 16, what is 14eb + -4?
14e7
In base 8, what is 4 + -1506?
-1502
In base 4, what is 13202 + -11?
13131
In base 11, what is -1 - -12?
11
In base 12, what is 31 + 63?
94
In base 4, what is -102 - 1100?
-1202
In base 11, what is -a25 + 4?
-a21
In base 15, what is 9 + -48?
-3e
In base 10, what is 222 + -4?
218
In base 16, what is -f - 1b?
-2a
In base 4, what is -100111 + 22?
-100023
In base 11, what is -5 - 95?
-9a
In base 5, what is -10 - 3214?
-3224
In base 14, what is 9c - 1a?
82
In base 3, what is 21201 - -1?
21202
In base 8, what is -330 - 60?
-410
In base 13, what is 1 - a?
-9
In base 16, what is -2 - -4a2?
4a0
In base 12, what is -95 - 4?
-99
In base 11, what is 2 - 4?
-2
In base 11, what is -5 + -15?
-1a
In base 13, what is -59c - 2?
-5a1
In base 4, what is 3023 + -23?
3000
In base 8, what is 10237 + -4?
10233
In base 2, what is 1 - -11001?
11010
In base 11, what is 4 + -669?
-665
In base 16, what is 7 + -2?
5
In base 12, what is 27 + a?
35
In base 5, what is -1 - -212441?
212440
In base 12, what is -5 - 2a?
-33
In base 13, what is 14a - -1?
14b
In base 4, what is -13 - -231100?
231021
In base 8, what is -55773 + 5?
-55766
In base 11, what is 1078 - 0?
1078
In base 9, what is -562 - 5?
-567
In base 10, what is 559 + 3?
562
In base 9, what is 20 + -7?
12
In base 16, what is 0 - 1e?
-1e
In base 6, what is 221 + -1?
220
In base 6, what is -233 + -10?
-243
In base 7, what is -1056 + -131?
-1220
In base 13, what is 609 - -2?
60b
In base 16, what is 9 - -5?
e
In base 14, what is 1 + -14?
-13
In base 14, what is -a - -3d?
33
In base 11, what is 1 + 2133?
2134
In base 4, what is 1 + -1021?
-1020
In base 14, what is 24 - 20?
4
In base 3, what is -210121 - -1?
-210120
In base 12, what is -22 + -19?
-3b
In base 13, what is 155 + -5?
150
In base 2, what is 1011100 - 0?
1011100
In base 9, what is 4 - -2273?
2277
In base 7, what is 40 + -2?
35
In base 13, what is -6 - -b4?
ab
In base 12, what is -2114 + 1?
-2113
In base 16, what is f + 269?
278
In base 13, what is 4510 + -1?
450c
In base 9, what is 150 + -104?
45
In base 10, what is 2827 - 1?
2826
In base 8, what is 56 - 0?
56
In base 7, what is 65 + -2?
63
In base 3, 